*x**2 + 0 - 3*x**2. What is g(o)?
-4
Let x(p) = 12*p**2 - p. Let v = 390 - 391. Calculate x(v).
13
Let v(w) = -w**3 + 7*w**2 - 4*w + 1. Let c(g) = -g**3 + g**2 + 3*g + 6. Let f be c(0). Determine v(f).
13
Let x(s) = -2*s**2 + 15*s + 1. Let t(a) = -a + 1. Let b(m) = -6*t(m) - x(m). Give b(5).
-2
Let i(k) = 5*k**3 - 4*k**2 + 2*k + 2. Let c(p) = 4*p**3 - 4*p**2 + 2*p + 2. Let m(s) = 4*c(s) - 3*i(s). Let v = 6864 + -6862. What is m(v)?
-2
Let w(i) = -5*i**2 + i**3 - 2 + 0*i**3 - 11 + 18 + 0*i**3 + 2*i. Determine w(4).
-3
Let g(j) = 17*j**2 + 5*j + 5. Let m(f) = -9*f**2 - 3*f - 3. Let w(p) = 4*g(p) + 7*m(p). Calculate w(-1).
5
Let z(l) = l**3 + 4*l**2 - l + 5. Let h(t) = t**3 - 12*t**2 + 32*t - 5. Let a be h(8). What is z(a)?
-15
Let f(z) = -5*z**2 - 23*z + 6. Let i = 28 - 33. Let j be f(i). Let u(x) = x**2 + 5*x. Determine u(j).
-4
Let h(i) = -i**2 - 8*i + 9. Let f(l) = -l**3 - 15*l**2 + 5*l + 67. Let n be f(-15). Give h(n).
9
Let c(b) = 29*b**2 + 6*b - 6. Let t be c(1). Let h(i) = t*i - 6 - 17*i - 7*i. Determine h(4).
14
Let u(k) = -k**2 - 10*k - 8. Let h be u(-4). Let a(d) = -d**2 + 13*d + 48. Calculate a(h).
0
Let i(s) = -s**2 - 2*s - 2. Let h be -2 - 40/4 - 4*-1. Let w(y) = -5*y - 42. Let u be w(h). Give i(u).
-2
Let l be 2 - (-2)/(-5)*5. Suppose b = x - 6*x + 24, l = -2*b - 2*x + 16. Let q(o) = b*o - o - 13 + 5. What is q(6)?
10
Let h(k) be the first derivative of -k**3/3 - 5*k**2/2 + 2*k - 1. Let n = 3 + -2. Let r be (9/5 - n)*-5. Calculate h(r).
6
Let t(g) = 1. Let x(a) = -9*a - 3. Let n(f) = -2*f. Let d(c) = -4*n(c) + x(c). Let y(h) = 6*d(h) + 17*t(h). What is y(1)?
-7
Let a(v) = -v**3 + 6*v**2 - 3*v - 5. Suppose -79 = -q - 0*t + t, -q + 67 = 2*t. Let o = -70 + q. Give a(o).
5
Let x(o) = o**2 - 6*o - 11. Suppose 24 = 70*v - 67*v. Give x(v).
5
Let s(z) = -2*z**2 + 5*z - 4. Suppose -5*n + 9 = -0*n - 4*b, -3*b + 2 = -2*n. Suppose 4*c + n*c = 27. Determine s(c).
-7
Let i(d) = -21*d + 3. Suppose -9*g = -4*g - 25. Suppose -2*m - 28 = -4*b, -4*m - b + 43 = -9*m. Let j(v) = -14*v + 2. Let q(a) = g*i(a) + m*j(a). Give q(-1).
-8
Let t(u) = u**3 - 6*u**2 + 3*u + 1. Let x(b) = b**2. Let g be x(-2). Let v = g - 3. Let q be (3/(-9))/(v/(-15)). What is t(q)?
-9
Suppose -4*h + 2 = -2*o - 0*o, 4*o = -5*h + 22. Suppose -o*i = 2*i. Let u(q) = i*q**3 + q**2 - 13*q + 10*q**3 + 0 + 12*q + 1. What is u(1)?
11
Let q(i) = -i**2 + 16*i - 1. Suppose -4*f - 2*c = -56, -3*f = -2*c + 3*c - 43. Calculate q(f).
14
Let a(t) = -8 + 16 + 2 + 3*t. Calculate a(-5).
-5
Suppose 2 = -5*t + 2*z, -5*z + 3*z = 4*t - 2. Suppose -2*p - 2 + 10 = t. Let y(w) = -3*w**2 + 7*w - p*w + 3 + 4*w**2. Determine y(-4).
7
Let j be (-1)/(4/(-24)) + -2. Suppose -27 + j = i. Let v be (i + -1)/4 - -2. Let w(a) = -a**2 - 4*a + 3. What is w(v)?
3
Let n(w) = -9*w**3 + w**2. Let r(i) = -3*i**3 + 3*i**2 - i. Let p be (-11 - -10)/((-1)/1). Let z be r(p). Calculate n(z).
10
Let r = 303 - 605/2. Let a(t) be the first derivative of r*t**2 + 6 + 0*t. Determine a(2).
2
Let f(b) be the first derivative of 3*b**4 + b + 1573. Let j(r) = r - 4. Let a be j(5). Determine f(a).
13
Suppose 2*o = -2*h + 5*h, 0 = -4*h + 4*o. Let v(y) = -3 - 2*y - 3*y + h - 2*y. What is v(-2)?
11
Suppose 0 = -d, 0*n - n + 6 = -4*d. Let b be (-27)/(-6) + -3 + 2/4. Suppose -b*x + 3*x = -n. Let y(g) = g + 4. Calculate y(x).
-2
Let k be 8*(-5)/(-40) - -8. Let h(v) = 16*v**2 - 66*v + 54. Let f(o) = 3*o**2 - 13*o + 11. Let z(p) = -11*f(p) + 2*h(p). Calculate z(k).
5
Let p(l) = 4*l + 7. Let a = 517 + -508. Calculate p(a).
43
Let s(b) = -b**3 - b**2 - 3*b + 3. Let y(w) = -w**3 + 10*w**2 - 6*w - 25. Let c be y(9). Determine s(c).
-15
Let x = 585 - 590. Let a(j) = -j**2 - 3*j + 3. Give a(x).
-7
Let k(t) = -2*t - 87 + 99 - t. Calculate k(9).
-15
Let u(v) be the first derivative of -v**3/3 + 3*v**2/2 + 4*v - 608. Give u(-6).
-50
Let l(j) = -j**2 - 3*j + 1. Suppose 2*v = 5*v - 108. Suppose 12 - v = 6*t. Determine l(t).
-3
Let m(r) = -r**3 + 4*r**2 + 3. Let j be m(4). Let i(k) be the first derivative of k**4/2 - k**3 - 2*k**2 + k + 261. Calculate i(j).
16
Let p be 8/(-28) - 90/(-21). Let r(j) = 2 - j - p + 2*j. Determine r(5).
3
Let k = -51 - -27. Let j = k - -25. Let r(n) be the second derivative of -7*n**4/12 - n**2/2 + n. Calculate r(j).
-8
Let u(o) = 8*o - 24. Let q(v) = -23*v + 64. Let w(z) = -3*q(z) - 8*u(z). Calculate w(-2).
-10
Suppose 5*s - 3*y - 2 + 24 = 0, -4*y - 24 = 4*s. Let o be ((-45)/s)/3 + 1 + 1. Let x(v) = 1 + 6 + 0*v - 2*v. Calculate x(o).
-3
Let i(q) = q - 1. Suppose 0 = 5*m - 2*y - 46, -2*m - 17*y = -19*y - 22. What is i(m)?
7
Let r(c) = c**3 - 11*c**2 - 13*c - 7. Suppose -2*q = 0, 29 - 17 = y - 3*q. Determine r(y).
-19
Let x be 1 + 2 + -3*1. Let i(g) be the third derivative of 1/6*g**3 + 1/120*g**6 + 0*g + 11*g**2 - 1/24*g**4 + 0 + 1/60*g**5. What is i(x)?
1
Let j(k) be the first derivative of 4/3*k**3 + 9 + 5/2*k**2 + 0*k + 1/24*k**4. Let l(q) be the second derivative of j(q). What is l(-6)?
2
Let f(d) be the second derivative of -d**5/20 + d**4/6 + d**3/6 - 3*d**2/2 - 2*d - 10. Give f(2).
-1
Let x(a) = a**3 - 5*a**2 - a + 7. Let p(q) = 2*q**2 - 4*q - 1. Let o be p(3). Let k = o + -3. Let n be (20*1/k)/2. Calculate x(n).
2
Suppose -1 = 5*j + 9. Let k(i) be the first derivative of -4*i**3/3 - i**2 - 2*i - 220. What is k(j)?
-14
Let h(f) = -30*f + 2. Let t(o) = -14*o + 1. Let y(x) = -6*h(x) + 13*t(x). Determine y(-2).
5
Let m = 73 - 41. Suppose -30*d - 4 = -m*d. Let i(u) = -2*u**2 + 4*u**2 + 7 + 5*u**d - 8*u**2 + 6*u. Determine i(6).
7
Let d(u) = -4*u. Suppose 0 = -5*v + 15, 5*v = -7*p + 4*p + 30. Determine d(p).
-20
Let y be (-2 - 2)/(-4)*(1 + -4). Let n(d) = -d**2 + 3*d + 10. What is n(y)?
-8
Let l(o) = 2 + 3*o**2 - 2. Let i = 2120 + -2121. Give l(i).
3
Let g(p) be the first derivative of -6*p**2 - 104. Calculate g(-1).
12
Let m(s) be the third derivative of -s**6/120 - s**5/15 - s**4/8 + 2*s**3/3 + 45*s**2. Give m(-4).
16
Let y(a) = -6*a + 1. Let w(b) = -31*b + 7. Let k(z) = -w(z) + 5*y(z). Let l(q) = q**3 + 6*q**2 + q. Let o be l(-6). Calculate k(o).
-8
Let u(h) = h**2 + 3*h - 4. Let g = -237 + 231. Determine u(g).
14
Let b(r) = r**3 + 6*r**2 - 2*r - 6. Let m be b(-6). Let z = m + -10. Let n(y) = 0*y**2 + 3*y + 18 + y**2 - 15. What is n(z)?
7
Suppose -24*z = -27*z + 24. Let c(s) = -22*s + 49*s + 4 - z - 24*s. Let y(g) = 2*g**2 + 4*g + 3. Let i be y(-2). Calculate c(i).
5
Let m(q) = 2*q - 4. Let h = -432 + 437. Determine m(h).
6
Let h(i) be the third derivative of 30*i**2 - i**3 + 0 + 0*i - 1/24*i**4. What is h(-8)?
2
Let v(b) = 0*b**2 + 2*b**2 + 0*b**2 - 7*b**2 - b**3 + 2. Calculate v(-5).
2
Let h(z) be the first derivative of -z**3/3 + 3*z**2/2 + z - 2. Let d be (116/(-5 - -3))/(5 + -4). Let v = 64 + d. Calculate h(v).
-17
Suppose 1 = 3*l - 11. Let d(c) = c**2 - l*c + 4*c**2 - c**3 - c**2 + 3 - 2. Calculate d(4).
-15
Let v(y) = -6*y + y + 1 - y**3 + 789*y**2 - 782*y**2. Give v(6).
7
Let h(j) = -1 - 6 - j + 9 - 3. What is h(-9)?
8
Let m(q) be the first derivative of q**3/3 + q**2/2 - 7*q + 11. Let a be m(3). Let w(k) = -2*k + 4*k + 0*k + 4*k**2 - a*k**2. Give w(4).
-8
Suppose -5*j + 3*d = -215, 3*j - 4*d = 6*j - 129. Let f(o) = 4 + j*o**3 + o**2 - 50*o**3 - 3 - 2*o. Let n be (1 - 3)*1/(-2). Determine f(n).
-7
Let w(t) = -2*t + 1. Let n(c) = -13*c + 5. Let x(a) = -n(a) + 6*w(a). Calculate x(-14).
-13
Suppose -4*v = -5*a + 16, 2*a - 4*v = -v + 5. Let u(t) = -4*t + 3. Determine u(a).
-13
Suppose 86*c - 434 = 598. Let l(n) = 2*n**3 - 23*n**2 - 15*n + 28. Give l(c).
-8
Let x(w) = -122*w**2 + 22*w - 25. Let d(g) = -43*g**2 + 7*g - 8. Let b(h) = 17*d(h) - 6*x(h). Give b(12).
2
Let v(k) be the third derivative of k**6/120 + k**5/20 - k**4/12 - k**3/3 - 3919*k**2. Let y be 5/1 + 4/(-2). Suppose y*t = -7 - 2. What is v(t)?
4
Let h(v) be the third derivative of 7/6*v**3 + 0 + 1/60*v**5 + 7*v**2 + 0*v - 1/3*v**4. Give h(6).
-5
Let r(k) be the first derivative of k**2/2 - 131. What is r(4)?
4
Let t(l) = -3*l - 1. Let v(j) = j**2 - 19*j - 25. Let d be v(20). What is t(d)?
14
Let a(y) be the second derivative of -y**5/20 + y**4/2 + 5*y**3/6 - 5*y**2/2 - 89*y. What is a(5)?
45
Let q(o) = -16*o**2 + o + 4. Let d be q(2). Let y = -62 - d. Let v(n) = -n**3 - 6*n**2 - 4*n + 5. Give v(y).
-11
Let c(l) = -4*l**2 + 1. Let w be (-5)/20 + 7/(-4).